21 - (-9050)/70. Suppose -h = -4*j - 3*t, t = 4*j - 64 - 69. List the prime factors of j.
3, 11
Let h = 121780 + -82835. What are the prime factors of h?
5, 7789
Suppose 9422 - 9226 = 4*q - 18192. What are the prime factors of q?
4597
Suppose 7*g = 107 - 114. Let m(u) = -1755*u + 17. List the prime factors of m(g).
2, 443
List the prime factors of 11174/(-3)*(6/12 - 2).
37, 151
Let m = 22673 - 2251. List the prime factors of m.
2, 10211
Suppose 6*d - 12*d = -66. Suppose d*q = -4*q + 4590. List the prime factors of q.
2, 3, 17
Let m(r) = r + 2. Let c be m(2). Suppose 6*a - c*a = 828. Suppose -4*b + g + a = -2*g, 4*b - 5*g - 410 = 0. List the prime factors of b.
3, 5, 7
Suppose -7 - 14 = -3*i. Suppose -i*l + 990 = -9*l. Let x = -337 - l. List the prime factors of x.
2, 79
Suppose -5*g = -325 - 535. Suppose 10*n = -16*n - 2834. Let p = n + g. List the prime factors of p.
3, 7
Let h(u) = 11*u + 2*u**2 - 6 - 5*u + u - 7*u**2 + u**3. Let j(n) = -7*n + 49. Let c be j(6). List the prime factors of h(c).
3, 47
Suppose 8497*k + 4419450 = 8612*k. List the prime factors of k.
2, 3, 5, 7, 61
What are the prime factors of 8*((-743145)/(-592))/((-6)/(-8))?
2, 5, 13, 103
Let c = 36182 + 35. What are the prime factors of c?
36217
Suppose -15*t + 5*a + 35972 = -13*t, -4*a = -4*t + 71908. List the prime factors of t.
17971
Let l = -77 - -79. Suppose -l*b - b + 543 = 3*o, 5*b - 4*o - 887 = 0. What are the prime factors of b?
179
Suppose 3*b = -a + 29271, 3*a + 12005 - 51043 = -4*b. What are the prime factors of b?
5, 1951
What are the prime factors of 142923/15 - (-31)/(-155)?
2, 3, 397
Let k(q) = 0 - 5 + 2 + 23*q. Let z(p) = 2*p**2 + 5*p + 4. Let a be z(-1). List the prime factors of k(a).
2, 5
Let d(g) = g**2 + 3*g + 15. Let f be d(5). Let p = f - -56. What are the prime factors of p?
3, 37
Let q be 2 + -3 - (-4 + 2). Let s(o) = -6*o - 10. Let g be s(-4). Let l = q + g. List the prime factors of l.
3, 5
Suppose 14*q + 12 = 18*q. Suppose 0 = -x + q*t + 5, -5*x - 2*t - 4 = -12. Suppose -8*h + x*h = -570. What are the prime factors of h?
5, 19
Let r = -8437 + 12307. List the prime factors of r.
2, 3, 5, 43
List the prime factors of (-5317440)/(-155) + 104/(-1612).
2, 17, 1009
Suppose 2*y + 2*p + 25 = -7, -3*y + 3*p = 66. What are the prime factors of (-15 - y)/((-2)/(-33))?
2, 3, 11
Suppose -6*r - 16 = -40. Suppose 5*l + 54 - 228 = -h, r*h - 66 = -2*l. What are the prime factors of l?
5, 7
Suppose 2*v - 4*t - 1 = -17, 0 = -2*v - t - 6. List the prime factors of (-4 - (-5 - -3))/(v/1468).
2, 367
Suppose 292 = -12*z + 316. What are the prime factors of (z/(-4))/((-8)/11584)?
2, 181
Suppose -5*k + 5*v + 178774 = 23469, -v = 3*k - 93163. What are the prime factors of k?
2, 3, 647
Suppose -6*d + 271 = -191. Suppose d*s - 558 = 75*s. What are the prime factors of s?
3, 31
Let c(v) be the first derivative of v**4/4 + 10*v**3/3 - 13*v + 12. Let u be c(-10). Let o = u + 62. List the prime factors of o.
7
Let s(c) = -c**3 - 13*c**2 + 11*c + 20. Suppose 3 + 151 = -11*r. Let l be s(r). Let g = l - -197. What are the prime factors of g?
7, 37
Suppose -4*k + 549565 - 107550 = 31*k. List the prime factors of k.
73, 173
Let n be (-40)/50*(1/(-2) - 2). Suppose -10*k + 951 = -9*k + 2*p, p = n*k - 1917. What are the prime factors of k?
3, 11, 29
Suppose 114*m - 113*m = 38. Suppose -17*l = -m*l + 17052. What are the prime factors of l?
2, 7, 29
Let a(n) = -n**3 + 3*n**2 + 10*n - 6. Let w be a(4). What are the prime factors of (-3)/(w/(-1095)) + (-20)/8?
2, 3, 5
List the prime factors of (3/(-9)*5)/((-17)/74562).
2, 5, 17, 43
Suppose -5*f - 3*p - 2*p = -240, 0 = 3*f - 5*p - 144. Let w = f - 45. Suppose -2*n + q + 16 = -n, -w*q - 14 = -n. What are the prime factors of n?
17
Let u(i) = -7*i**3 + i**2 - 69*i - 249. What are the prime factors of u(-17)?
2, 3, 23, 43
Let l(v) = -831*v - 11*v**2 + 14 + 43*v**3 - 40*v**3 + 842*v. What are the prime factors of l(7)?
7, 83
Let b = 15278 - 8529. What are the prime factors of b?
17, 397
Let m = -17242 + 33857. What are the prime factors of m?
5, 3323
What are the prime factors of 7699 - (((-432)/(-40))/(-3) - 2/5)?
7703
Let z = -6374 - -14132. Suppose 14*l + 730 = z. What are the prime factors of l?
2, 251
Suppose 0*p - 3*p - 39 = -3*u, 0 = -3*p - 9. List the prime factors of 4/u + (-43074)/(-90).
479
Suppose 958977 = 18*x + 109*x. List the prime factors of x.
3, 839
Suppose -5*d = 4*m - 81079, -2*m = -3*d - 7627 + 56292. List the prime factors of d.
7, 331
Suppose -12*m = -146 + 50. List the prime factors of 5 - ((-4626)/m - (-12)/(-16)).
2, 73
Suppose 2*k = 3*p - 161929 - 27017, 5*p - 2*k - 314906 = 0. List the prime factors of p.
2, 5, 47, 67
Let c(n) = -4*n + 12. Let x be (-12)/(1*(8/1)/(-4)). Let a be (-34)/x + (-3)/9. What are the prime factors of c(a)?
2, 3
Let u be (-6004)/(-4) + (-42)/7. Suppose 4*x - 1504 = -5*p, 56*p - 61*p + u = -5*x. List the prime factors of p.
2, 3, 5
Suppose 3*b = -5*c + 4103, -4*c = b - 1824 - 1450. What are the prime factors of c?
19, 43
Suppose 7*x - 116186 = 252*x - 8602741. What are the prime factors of x?
11, 47, 67
Let w = -9 + -11. Let r be w/5 + 4 + 150. Let u = -88 + r. List the prime factors of u.
2, 31
Let o = 45520 - 29063. What are the prime factors of o?
7, 2351
Let a = 483 + 357. Suppose 988 + a = 4*p. List the prime factors of p.
457
Let a(q) = 205*q - 149. Let d be a(6). What are the prime factors of (18/(-2) - -7) + d*1?
13, 83
Suppose -2*h + v + 31554 = 0, -4*v = -2*h + 14037 + 17535. List the prime factors of h.
2, 3, 11, 239
Let b(c) = -5*c**2 - 196*c - 152. What are the prime factors of b(-25)?
3, 541
Let z = -84 - -88. Suppose -2*r - 2006 = -z*u, -5*u + 3*r + 2510 = 3. List the prime factors of u.
2, 251
Suppose 122*q - 102*q = 587100. List the prime factors of q.
3, 5, 19, 103
Let b = 177225 + -126217. What are the prime factors of b?
2, 797
Suppose h + 4*t = 58, t = -4*t + 10. Suppose -28 + 58 = 15*u. Suppose 164 = u*z - h. List the prime factors of z.
107
Let n(g) = -7*g**2 - 33*g + 6. Let v be n(-5). Let x be 1188/42*(17 - v). Let f = x - 329. List the prime factors of f.
5, 53
Suppose 2*n = -140 + 38. Let b = n + 53. List the prime factors of 70 - (-5 - (-6)/b).
2, 3
Let n be 7/(-5 + (-28)/(-6)). List the prime factors of ((-1626)/27)/(n/189).
2, 271
Let d = -59 + 59. Suppose d = 7*p - 9*p + 498. List the prime factors of p.
3, 83
Let m = 107 + -103. Suppose m*k - 89 + 105 = 0. List the prime factors of 57/(k/6 + (0 - -1)).
3, 19
Let d = 1846 - -2934. What are the prime factors of d?
2, 5, 239
Suppose -12*m - 599 = 325. Let r = m - -100. Suppose -17*z - 1008 = -r*z. List the prime factors of z.
2, 3, 7
Suppose 0 = -4*n - 5*m + 21, -5*n + 7*m - 2*m = -60. Suppose 14*s - n*s = 1470. What are the prime factors of s?
2, 3, 7
Let z(o) = 43*o**3 + 58*o**2 + 23*o - 8. List the prime factors of z(6).
2, 11, 523
Let j(u) = u**2 + 23*u + 145. Let m(v) = 22*v - 155. Let d be m(5). List the prime factors of j(d).
5, 227
Let s = -36052 - -51309. List the prime factors of s.
11, 19, 73
Suppose 0 = 2*i + 2*h - 19106, 57*i = 58*i - 4*h - 9553. List the prime factors of i.
41, 233
Let d be (-171)/33 + 5 - (-361)/(-11). Let m = 37 + d. What are the prime factors of (m/(-12) - -1)*31*3?
2, 31
Let a = -8500 - -22037. What are the prime factors of a?
13537
Let m(z) = -3*z + 58. Let g be m(21). Let r(h) = 32*h**2 - 37*h - 11. List the prime factors of r(g).
2, 487
Suppose 0 = -19*v + 14*v - 35. Let w(o) = -o**2 + 18*o + 5. Let j(l) = 3*l**2 - 37*l - 11. Let h(r) = -2*j(r) - 5*w(r). What are the prime factors of h(v)?
2, 3, 5
List the prime factors of (-1 - -19699) + 20/170 + (-36)/306.
2, 3, 7, 67
Let n(l) = 3*l**2 + 13*l - 42. Suppose 8 = -2*q, 4*v + 4*q = 29 + 55. Suppose 3*j = -3*a, 4*a = -0*a + j + v. List the prime factors of n(a).
2, 7
Suppose -15*t - 428 = -19*t. Suppose -3*m + 4*d = -183 + 22, 2*m - t = 3*d. Suppose -3*z = -5*r + 2*z + 95, 0 = 4*r + 3*z - m. What are the prime factors of r?
2
Suppose -32646 - 37194 = -12*m. List the prime factors of m.
2, 3, 5, 97
Let t be 611/117 - (4/18 - 0). Suppose t*i - 10 = 95. Suppose -14*n = -i*n + 273. List the prime factors of n.
3, 13
List the prime factors of 4744 - (-7 + (5 - 10)).
2, 29, 41
Let a(s) = -106*s - 3. Let z be a(-7). Let b = z + 338. 